{"id":6695,"date":"2025-02-27T07:01:26","date_gmt":"2025-02-27T10:01:26","guid":{"rendered":"https:\/\/brasilia.fiocruz.br\/nosnarede\/?post_type=relatos&#038;p=6695"},"modified":"2025-03-07T18:40:40","modified_gmt":"2025-03-07T21:40:40","slug":"territorio-sesc","status":"publish","type":"relatos","link":"https:\/\/brasilia.fiocruz.br\/nosnarede\/mostra-de-experiencias\/territorio-sesc\/","title":{"rendered":"Territ\u00f3rio: SESC"},"content":{"rendered":"\n<h2 class=\"wp-block-heading has-medium-font-size dynamic-field-wrapper-title has-archivo\">Resumo<\/h2>\n\n\n\n<p>O Territ\u00f3rio SESC \u00e9 um projeto voltado para as  crian\u00e7as e adolescentes que trabalham as habilidades sociais para sa\u00fade de forma l\u00fadica, al\u00e9m de trabalhar tamb\u00e9m as quest\u00f5es pol\u00edticas, humanas, afetivas, entre tantas outras formas de exist\u00eancia.<\/p>\n\n\n\n<p>O primeiro momento \u00e9 explorat\u00f3rio e foi realizado atrav\u00e9s de experi\u00eancias que envolviam pr\u00e1ticas de consci\u00eancia corporal, psicomotricidade, integra\u00e7\u00e3o, socializa\u00e7\u00e3o e t\u00e9cnicas, tais como: pr\u00e1ticas de circo, bamboo terapia, m\u00fasica, at6ividades f\u00edsicas em academia entre outros. Num segundo momento, n\u00f3s passamos a ocupar o ETA com experi\u00eancias que trabalhavam racioc\u00ednio, atividades com desenho, constru\u00e7\u00e3o de rob\u00f4s com led, bordado, trabalhos manuais, experi\u00eancias com tecnologia de m\u00eddia, impress\u00e3o 3d, fotografia, pirografia entre outras.<\/p>\n\n\n\n<p>Esse processo trouxe a oportunidade de estar em um ambiente social vivo e real, acompanhado pelo olhar e cuidado da sa\u00fade mental num momento de necessidade do usu\u00e1rio por meio de intera\u00e7\u00e3o social.<\/p>\n\n\n\n<p><\/p>\n","protected":false},"featured_media":6699,"template":"","meta":{"_equipe_uf_key":"","_equipe_cidade_key":""},"link_category":[],"palavras-chave":[105,1455,305,17,144],"relato-tag":[50,12,20,23,22],"categoria-de-relato":[19],"class_list":["post-6695","relatos","type-relatos","status-publish","has-post-thumbnail","hentry","palavras-chave-arte","palavras-chave-convivio","palavras-chave-cultura","palavras-chave-saude-mental","palavras-chave-territorio","relato-tag-arte-e-cultura","relato-tag-caps","relato-tag-infancia-adolescencia-e-juventude","relato-tag-recursos-comunitarios","relato-tag-territorio","categoria-de-relato-articulacao-em-rede-intra-e-intersetorial"],"yoast_head":"<!-- This site is optimized with the Yoast SEO plugin v27.1.1 - https:\/\/yoast.com\/product\/yoast-seo-wordpress\/ -->\n<title>Territ\u00f3rio: SESC - N\u00f3s Na Rede<\/title>\n<meta name=\"robots\" content=\"index, follow, max-snippet:-1, max-image-preview:large, max-video-preview:-1\" \/>\n<link rel=\"canonical\" href=\"https:\/\/brasilia.fiocruz.br\/nosnarede\/mostra-de-experiencias\/territorio-sesc\/\" \/>\n<meta property=\"og:locale\" content=\"pt_BR\" \/>\n<meta property=\"og:type\" content=\"article\" \/>\n<meta property=\"og:title\" content=\"Territ\u00f3rio: SESC - N\u00f3s Na Rede\" \/>\n<meta property=\"og:description\" content=\"Resumo O Territ\u00f3rio SESC \u00e9 um projeto voltado para as crian\u00e7as e adolescentes que trabalham as habilidades sociais para sa\u00fade de forma l\u00fadica, al\u00e9m de trabalhar tamb\u00e9m as quest\u00f5es pol\u00edticas, humanas, afetivas, entre tantas outras formas de exist\u00eancia. O primeiro momento \u00e9 explorat\u00f3rio e foi realizado atrav\u00e9s de experi\u00eancias que envolviam pr\u00e1ticas de consci\u00eancia corporal, [&hellip;]\" \/>\n<meta property=\"og:url\" content=\"https:\/\/brasilia.fiocruz.br\/nosnarede\/mostra-de-experiencias\/territorio-sesc\/\" \/>\n<meta property=\"og:site_name\" content=\"N\u00f3s Na Rede\" \/>\n<meta property=\"article:modified_time\" content=\"2025-03-07T21:40:40+00:00\" \/>\n<meta property=\"og:image\" content=\"https:\/\/brasilia.fiocruz.br\/nosnarede\/wp-content\/uploads\/sites\/10\/2025\/02\/Foto-de-capa-3.jpg\" \/>\n\t<meta property=\"og:image:width\" content=\"1170\" \/>\n\t<meta property=\"og:image:height\" content=\"780\" \/>\n\t<meta property=\"og:image:type\" content=\"image\/jpeg\" \/>\n<meta name=\"twitter:card\" content=\"summary_large_image\" \/>\n<meta name=\"twitter:label1\" content=\"Est. tempo de leitura\" \/>\n\t<meta name=\"twitter:data1\" content=\"1 minuto\" \/>\n<script type=\"application\/ld+json\" class=\"yoast-schema-graph\">{\"@context\":\"https:\/\/schema.org\",\"@graph\":[{\"@type\":\"WebPage\",\"@id\":\"https:\/\/brasilia.fiocruz.br\/nosnarede\/mostra-de-experiencias\/territorio-sesc\/\",\"url\":\"https:\/\/brasilia.fiocruz.br\/nosnarede\/mostra-de-experiencias\/territorio-sesc\/\",\"name\":\"Territ\u00f3rio: SESC - N\u00f3s Na Rede\",\"isPartOf\":{\"@id\":\"https:\/\/brasilia.fiocruz.br\/nosnarede\/#website\"},\"primaryImageOfPage\":{\"@id\":\"https:\/\/brasilia.fiocruz.br\/nosnarede\/mostra-de-experiencias\/territorio-sesc\/#primaryimage\"},\"image\":{\"@id\":\"https:\/\/brasilia.fiocruz.br\/nosnarede\/mostra-de-experiencias\/territorio-sesc\/#primaryimage\"},\"thumbnailUrl\":\"https:\/\/brasilia.fiocruz.br\/nosnarede\/wp-content\/uploads\/sites\/10\/2025\/02\/Foto-de-capa-3.jpg\",\"datePublished\":\"2025-02-27T10:01:26+00:00\",\"dateModified\":\"2025-03-07T21:40:40+00:00\",\"breadcrumb\":{\"@id\":\"https:\/\/brasilia.fiocruz.br\/nosnarede\/mostra-de-experiencias\/territorio-sesc\/#breadcrumb\"},\"inLanguage\":\"pt-BR\",\"potentialAction\":[{\"@type\":\"ReadAction\",\"target\":[\"https:\/\/brasilia.fiocruz.br\/nosnarede\/mostra-de-experiencias\/territorio-sesc\/\"]}]},{\"@type\":\"ImageObject\",\"inLanguage\":\"pt-BR\",\"@id\":\"https:\/\/brasilia.fiocruz.br\/nosnarede\/mostra-de-experiencias\/territorio-sesc\/#primaryimage\",\"url\":\"https:\/\/brasilia.fiocruz.br\/nosnarede\/wp-content\/uploads\/sites\/10\/2025\/02\/Foto-de-capa-3.jpg\",\"contentUrl\":\"https:\/\/brasilia.fiocruz.br\/nosnarede\/wp-content\/uploads\/sites\/10\/2025\/02\/Foto-de-capa-3.jpg\",\"width\":1170,\"height\":780},{\"@type\":\"BreadcrumbList\",\"@id\":\"https:\/\/brasilia.fiocruz.br\/nosnarede\/mostra-de-experiencias\/territorio-sesc\/#breadcrumb\",\"itemListElement\":[{\"@type\":\"ListItem\",\"position\":1,\"name\":\"In\u00edcio\",\"item\":\"https:\/\/brasilia.fiocruz.br\/nosnarede\/\"},{\"@type\":\"ListItem\",\"position\":2,\"name\":\"Relatos\",\"item\":\"https:\/\/brasilia.fiocruz.br\/nosnarede\/mostra-de-experiencias\/\"},{\"@type\":\"ListItem\",\"position\":3,\"name\":\"Territ\u00f3rio: SESC\"}]},{\"@type\":\"WebSite\",\"@id\":\"https:\/\/brasilia.fiocruz.br\/nosnarede\/#website\",\"url\":\"https:\/\/brasilia.fiocruz.br\/nosnarede\/\",\"name\":\"N\u00f3s Na Rede\",\"description\":\"\",\"publisher\":{\"@id\":\"https:\/\/brasilia.fiocruz.br\/nosnarede\/#organization\"},\"potentialAction\":[{\"@type\":\"SearchAction\",\"target\":{\"@type\":\"EntryPoint\",\"urlTemplate\":\"https:\/\/brasilia.fiocruz.br\/nosnarede\/?s={search_term_string}\"},\"query-input\":{\"@type\":\"PropertyValueSpecification\",\"valueRequired\":true,\"valueName\":\"search_term_string\"}}],\"inLanguage\":\"pt-BR\"},{\"@type\":\"Organization\",\"@id\":\"https:\/\/brasilia.fiocruz.br\/nosnarede\/#organization\",\"name\":\"N\u00f3s Na Rede\",\"url\":\"https:\/\/brasilia.fiocruz.br\/nosnarede\/\",\"logo\":{\"@type\":\"ImageObject\",\"inLanguage\":\"pt-BR\",\"@id\":\"https:\/\/brasilia.fiocruz.br\/nosnarede\/#\/schema\/logo\/image\/\",\"url\":\"https:\/\/brasilia.fiocruz.br\/nosnarede\/wp-content\/uploads\/sites\/10\/2025\/01\/nos-na-rede-logo.png\",\"contentUrl\":\"https:\/\/brasilia.fiocruz.br\/nosnarede\/wp-content\/uploads\/sites\/10\/2025\/01\/nos-na-rede-logo.png\",\"width\":421,\"height\":159,\"caption\":\"N\u00f3s Na Rede\"},\"image\":{\"@id\":\"https:\/\/brasilia.fiocruz.br\/nosnarede\/#\/schema\/logo\/image\/\"}}]}<\/script>\n<!-- \/ Yoast SEO plugin. -->","yoast_head_json":{"title":"Territ\u00f3rio: SESC - N\u00f3s Na Rede","robots":{"index":"index","follow":"follow","max-snippet":"max-snippet:-1","max-image-preview":"max-image-preview:large","max-video-preview":"max-video-preview:-1"},"canonical":"https:\/\/brasilia.fiocruz.br\/nosnarede\/mostra-de-experiencias\/territorio-sesc\/","og_locale":"pt_BR","og_type":"article","og_title":"Territ\u00f3rio: SESC - N\u00f3s Na Rede","og_description":"Resumo O Territ\u00f3rio SESC \u00e9 um projeto voltado para as crian\u00e7as e adolescentes que trabalham as habilidades sociais para sa\u00fade de forma l\u00fadica, al\u00e9m de trabalhar tamb\u00e9m as quest\u00f5es pol\u00edticas, humanas, afetivas, entre tantas outras formas de exist\u00eancia. O primeiro momento \u00e9 explorat\u00f3rio e foi realizado atrav\u00e9s de experi\u00eancias que envolviam pr\u00e1ticas de consci\u00eancia corporal, [&hellip;]","og_url":"https:\/\/brasilia.fiocruz.br\/nosnarede\/mostra-de-experiencias\/territorio-sesc\/","og_site_name":"N\u00f3s Na Rede","article_modified_time":"2025-03-07T21:40:40+00:00","og_image":[{"width":1170,"height":780,"url":"https:\/\/brasilia.fiocruz.br\/nosnarede\/wp-content\/uploads\/sites\/10\/2025\/02\/Foto-de-capa-3.jpg","type":"image\/jpeg"}],"twitter_card":"summary_large_image","twitter_misc":{"Est. tempo de leitura":"1 minuto"},"schema":{"@context":"https:\/\/schema.org","@graph":[{"@type":"WebPage","@id":"https:\/\/brasilia.fiocruz.br\/nosnarede\/mostra-de-experiencias\/territorio-sesc\/","url":"https:\/\/brasilia.fiocruz.br\/nosnarede\/mostra-de-experiencias\/territorio-sesc\/","name":"Territ\u00f3rio: SESC - N\u00f3s Na Rede","isPartOf":{"@id":"https:\/\/brasilia.fiocruz.br\/nosnarede\/#website"},"primaryImageOfPage":{"@id":"https:\/\/brasilia.fiocruz.br\/nosnarede\/mostra-de-experiencias\/territorio-sesc\/#primaryimage"},"image":{"@id":"https:\/\/brasilia.fiocruz.br\/nosnarede\/mostra-de-experiencias\/territorio-sesc\/#primaryimage"},"thumbnailUrl":"https:\/\/brasilia.fiocruz.br\/nosnarede\/wp-content\/uploads\/sites\/10\/2025\/02\/Foto-de-capa-3.jpg","datePublished":"2025-02-27T10:01:26+00:00","dateModified":"2025-03-07T21:40:40+00:00","breadcrumb":{"@id":"https:\/\/brasilia.fiocruz.br\/nosnarede\/mostra-de-experiencias\/territorio-sesc\/#breadcrumb"},"inLanguage":"pt-BR","potentialAction":[{"@type":"ReadAction","target":["https:\/\/brasilia.fiocruz.br\/nosnarede\/mostra-de-experiencias\/territorio-sesc\/"]}]},{"@type":"ImageObject","inLanguage":"pt-BR","@id":"https:\/\/brasilia.fiocruz.br\/nosnarede\/mostra-de-experiencias\/territorio-sesc\/#primaryimage","url":"https:\/\/brasilia.fiocruz.br\/nosnarede\/wp-content\/uploads\/sites\/10\/2025\/02\/Foto-de-capa-3.jpg","contentUrl":"https:\/\/brasilia.fiocruz.br\/nosnarede\/wp-content\/uploads\/sites\/10\/2025\/02\/Foto-de-capa-3.jpg","width":1170,"height":780},{"@type":"BreadcrumbList","@id":"https:\/\/brasilia.fiocruz.br\/nosnarede\/mostra-de-experiencias\/territorio-sesc\/#breadcrumb","itemListElement":[{"@type":"ListItem","position":1,"name":"In\u00edcio","item":"https:\/\/brasilia.fiocruz.br\/nosnarede\/"},{"@type":"ListItem","position":2,"name":"Relatos","item":"https:\/\/brasilia.fiocruz.br\/nosnarede\/mostra-de-experiencias\/"},{"@type":"ListItem","position":3,"name":"Territ\u00f3rio: SESC"}]},{"@type":"WebSite","@id":"https:\/\/brasilia.fiocruz.br\/nosnarede\/#website","url":"https:\/\/brasilia.fiocruz.br\/nosnarede\/","name":"N\u00f3s Na Rede","description":"","publisher":{"@id":"https:\/\/brasilia.fiocruz.br\/nosnarede\/#organization"},"potentialAction":[{"@type":"SearchAction","target":{"@type":"EntryPoint","urlTemplate":"https:\/\/brasilia.fiocruz.br\/nosnarede\/?s={search_term_string}"},"query-input":{"@type":"PropertyValueSpecification","valueRequired":true,"valueName":"search_term_string"}}],"inLanguage":"pt-BR"},{"@type":"Organization","@id":"https:\/\/brasilia.fiocruz.br\/nosnarede\/#organization","name":"N\u00f3s Na Rede","url":"https:\/\/brasilia.fiocruz.br\/nosnarede\/","logo":{"@type":"ImageObject","inLanguage":"pt-BR","@id":"https:\/\/brasilia.fiocruz.br\/nosnarede\/#\/schema\/logo\/image\/","url":"https:\/\/brasilia.fiocruz.br\/nosnarede\/wp-content\/uploads\/sites\/10\/2025\/01\/nos-na-rede-logo.png","contentUrl":"https:\/\/brasilia.fiocruz.br\/nosnarede\/wp-content\/uploads\/sites\/10\/2025\/01\/nos-na-rede-logo.png","width":421,"height":159,"caption":"N\u00f3s Na Rede"},"image":{"@id":"https:\/\/brasilia.fiocruz.br\/nosnarede\/#\/schema\/logo\/image\/"}}]}},"_links":{"self":[{"href":"https:\/\/brasilia.fiocruz.br\/nosnarede\/wp-json\/wp\/v2\/relatos\/6695","targetHints":{"allow":["GET"]}}],"collection":[{"href":"https:\/\/brasilia.fiocruz.br\/nosnarede\/wp-json\/wp\/v2\/relatos"}],"about":[{"href":"https:\/\/brasilia.fiocruz.br\/nosnarede\/wp-json\/wp\/v2\/types\/relatos"}],"wp:featuredmedia":[{"embeddable":true,"href":"https:\/\/brasilia.fiocruz.br\/nosnarede\/wp-json\/wp\/v2\/media\/6699"}],"wp:attachment":[{"href":"https:\/\/brasilia.fiocruz.br\/nosnarede\/wp-json\/wp\/v2\/media?parent=6695"}],"wp:term":[{"taxonomy":"link_category","embeddable":true,"href":"https:\/\/brasilia.fiocruz.br\/nosnarede\/wp-json\/wp\/v2\/link_category?post=6695"},{"taxonomy":"palavras-chave","embeddable":true,"href":"https:\/\/brasilia.fiocruz.br\/nosnarede\/wp-json\/wp\/v2\/palavras-chave?post=6695"},{"taxonomy":"relato-tag","embeddable":true,"href":"https:\/\/brasilia.fiocruz.br\/nosnarede\/wp-json\/wp\/v2\/relato-tag?post=6695"},{"taxonomy":"categoria-de-relato","embeddable":true,"href":"https:\/\/brasilia.fiocruz.br\/nosnarede\/wp-json\/wp\/v2\/categoria-de-relato?post=6695"}],"curies":[{"name":"wp","href":"https:\/\/api.w.org\/{rel}","templated":true}]}}

Território: SESC

<h2 class="wp-block-heading has-medium-font-size dynamic-field-wrapper-title has-archivo">Resumo</h2>



<p>O Território SESC é um projeto voltado para as  crianças e adolescentes que trabalham as habilidades sociais para saúde de forma lúdica, além de trabalhar também as questões políticas, humanas, afetivas, entre tantas outras formas de existência.</p>



<p>O primeiro momento é exploratório e foi realizado através de experiências que envolviam práticas de consciência corporal, psicomotricidade, integração, socialização e técnicas, tais como: práticas de circo, bamboo terapia, música, at6ividades físicas em academia entre outros. Num segundo momento, nós passamos a ocupar o ETA com experiências que trabalhavam raciocínio, atividades com desenho, construção de robôs com led, bordado, trabalhos manuais, experiências com tecnologia de mídia, impressão 3d, fotografia, pirografia entre outras.</p>



<p>Esse processo trouxe a oportunidade de estar em um ambiente social vivo e real, acompanhado pelo olhar e cuidado da saúde mental num momento de necessidade do usuário por meio de interação social.</p>



<p></p>

<!-- This site is optimized with the Yoast SEO plugin v27.1.1 - https://yoast.com/product/yoast-seo-wordpress/ -->
<title>Território: SESC - Nós Na Rede</title>
<meta name="robots" content="index, follow, max-snippet:-1, max-image-preview:large, max-video-preview:-1" />
<link rel="canonical" href="https://brasilia.fiocruz.br/nosnarede/mostra-de-experiencias/territorio-sesc/" />
<meta property="og:locale" content="pt_BR" />
<meta property="og:type" content="article" />
<meta property="og:title" content="Território: SESC - Nós Na Rede" />
<meta property="og:description" content="Resumo O Território SESC é um projeto voltado para as crianças e adolescentes que trabalham as habilidades sociais para saúde de forma lúdica, além de trabalhar também as questões políticas, humanas, afetivas, entre tantas outras formas de existência. O primeiro momento é exploratório e foi realizado através de experiências que envolviam práticas de consciência corporal, [&hellip;]" />
<meta property="og:url" content="https://brasilia.fiocruz.br/nosnarede/mostra-de-experiencias/territorio-sesc/" />
<meta property="og:site_name" content="Nós Na Rede" />
<meta property="article:modified_time" content="2025-03-07T21:40:40+00:00" />
<meta property="og:image" content="https://brasilia.fiocruz.br/nosnarede/wp-content/uploads/sites/10/2025/02/Foto-de-capa-3.jpg" />
	<meta property="og:image:width" content="1170" />
	<meta property="og:image:height" content="780" />
	<meta property="og:image:type" content="image/jpeg" />
<meta name="twitter:card" content="summary_large_image" />
<meta name="twitter:label1" content="Est. tempo de leitura" />
	<meta name="twitter:data1" content="1 minuto" />
<script type="application/ld+json" class="yoast-schema-graph">{"@context":"https://schema.org","@graph":[{"@type":"WebPage","@id":"https://brasilia.fiocruz.br/nosnarede/mostra-de-experiencias/territorio-sesc/","url":"https://brasilia.fiocruz.br/nosnarede/mostra-de-experiencias/territorio-sesc/","name":"Território: SESC - Nós Na Rede","isPartOf":{"@id":"https://brasilia.fiocruz.br/nosnarede/#website"},"primaryImageOfPage":{"@id":"https://brasilia.fiocruz.br/nosnarede/mostra-de-experiencias/territorio-sesc/#primaryimage"},"image":{"@id":"https://brasilia.fiocruz.br/nosnarede/mostra-de-experiencias/territorio-sesc/#primaryimage"},"thumbnailUrl":"https://brasilia.fiocruz.br/nosnarede/wp-content/uploads/sites/10/2025/02/Foto-de-capa-3.jpg","datePublished":"2025-02-27T10:01:26+00:00","dateModified":"2025-03-07T21:40:40+00:00","breadcrumb":{"@id":"https://brasilia.fiocruz.br/nosnarede/mostra-de-experiencias/territorio-sesc/#breadcrumb"},"inLanguage":"pt-BR","potentialAction":[{"@type":"ReadAction","target":["https://brasilia.fiocruz.br/nosnarede/mostra-de-experiencias/territorio-sesc/"]}]},{"@type":"ImageObject","inLanguage":"pt-BR","@id":"https://brasilia.fiocruz.br/nosnarede/mostra-de-experiencias/territorio-sesc/#primaryimage","url":"https://brasilia.fiocruz.br/nosnarede/wp-content/uploads/sites/10/2025/02/Foto-de-capa-3.jpg","contentUrl":"https://brasilia.fiocruz.br/nosnarede/wp-content/uploads/sites/10/2025/02/Foto-de-capa-3.jpg","width":1170,"height":780},{"@type":"BreadcrumbList","@id":"https://brasilia.fiocruz.br/nosnarede/mostra-de-experiencias/territorio-sesc/#breadcrumb","itemListElement":[{"@type":"ListItem","position":1,"name":"Início","item":"https://brasilia.fiocruz.br/nosnarede/"},{"@type":"ListItem","position":2,"name":"Relatos","item":"https://brasilia.fiocruz.br/nosnarede/mostra-de-experiencias/"},{"@type":"ListItem","position":3,"name":"Território: SESC"}]},{"@type":"WebSite","@id":"https://brasilia.fiocruz.br/nosnarede/#website","url":"https://brasilia.fiocruz.br/nosnarede/","name":"Nós Na Rede","description":"","publisher":{"@id":"https://brasilia.fiocruz.br/nosnarede/#organization"},"potentialAction":[{"@type":"SearchAction","target":{"@type":"EntryPoint","urlTemplate":"https://brasilia.fiocruz.br/nosnarede/?s={search_term_string}"},"query-input":{"@type":"PropertyValueSpecification","valueRequired":true,"valueName":"search_term_string"}}],"inLanguage":"pt-BR"},{"@type":"Organization","@id":"https://brasilia.fiocruz.br/nosnarede/#organization","name":"Nós Na Rede","url":"https://brasilia.fiocruz.br/nosnarede/","logo":{"@type":"ImageObject","inLanguage":"pt-BR","@id":"https://brasilia.fiocruz.br/nosnarede/#/schema/logo/image/","url":"https://brasilia.fiocruz.br/nosnarede/wp-content/uploads/sites/10/2025/01/nos-na-rede-logo.png","contentUrl":"https://brasilia.fiocruz.br/nosnarede/wp-content/uploads/sites/10/2025/01/nos-na-rede-logo.png","width":421,"height":159,"caption":"Nós Na Rede"},"image":{"@id":"https://brasilia.fiocruz.br/nosnarede/#/schema/logo/image/"}}]}</script>
<!-- / Yoast SEO plugin. -->

Território: SESC - Nós Na Rede

Resumo O Território SESC é um projeto voltado para as crianças e adolescentes que trabalham as habilidades sociais para saúde de forma lúdica, além de trabalhar também as questões políticas, humanas, afetivas, entre tantas outras formas de existência. O primeiro momento é exploratório e foi realizado através de experiências que envolviam práticas de consciência corporal, [&hellip;]

Nós Na Rede

Início
